. Let i be (t/4)/((-33)/220). Suppose 2*p - 769 = 3*w, 4*w = 2*w - i. Is p prime?
False
Let c = -319 + 721. Suppose -x + 2*w + 3*w + c = 0, -3*w = 2*x - 817. Is x a composite number?
True
Let j(a) = 3*a + a - 5 - 1 - a**2. Let u be j(3). Is u*(-262)/(-12)*-2 prime?
True
Is 6 + 3 + (6 - -3088) composite?
True
Suppose 3*m + 5*a = 1498, -22*a - 20 = -26*a. Is m prime?
True
Suppose 3*h - 11 = -47. Let z = h + 8. Let v(b) = -111*b - 1. Is v(z) composite?
False
Is (-16429)/(-42) - (-3)/(-18) a composite number?
True
Let u(y) be the third derivative of 7*y**4/12 - 35*y**3/6 + 6*y**2. Is u(17) composite?
True
Let z be (-18)/(-171) + (-2)/19. Suppose -4*h + 5244 = -0*h + 2*f, z = 5*h - 3*f - 6577. Is h a composite number?
True
Let v(b) be the second derivative of -b**5/20 + 5*b**4/4 - 2*b**3 - 9*b**2 - 3*b. Let q be v(14). Suppose 4*p - q = 6, 3*p = -2*d + 206. Is d a prime number?
True
Let l(i) = i**2 - i - 1. Let b be l(5). Let s = b - -192. Is s prime?
True
Let n(a) be the second derivative of a**5/10 + a**4/4 + 2*a**3 + 11*a**2/2 - 8*a. Let d be n(-7). Let l = -305 - d. Is l a prime number?
True
Suppose -101*x - 4417 = -102*x. Suppose -2*h + x = 5*h. Is h a prime number?
True
Suppose 0*w = 5*w - 170. Suppose d = -5*o + 1, -2*o - 2*o - w = -5*d. Let s(j) = 24*j - 10. Is s(d) composite?
True
Let r be (-1100)/33*(-54)/5. Suppose -5*g + r = -35. Is g prime?
True
Is (-35)/(-7) + (3 - -1*7113) composite?
False
Suppose -61*x + 64*x - 3*w = 106800, -2*x = 3*w - 71185. Is x composite?
False
Suppose -2*s = 4*h - 136722, 5*h - 248972 + 78068 = -3*s. Is h a composite number?
True
Let r = 12 + -9. Suppose i = r*i. Suppose 3*q + y - 663 = -3*y, 3*q + y - 654 = i. Is q prime?
False
Let y = -335 + 199. Let x = 55 - y. Is x composite?
False
Suppose -3*g = -2*i - 251, -348 = 3*i + 2*g + 3*g. Let m = i + 438. Is m a composite number?
False
Let b = 16 + -16. Let y = 4 + b. Suppose -5*p - 10 = 0, -3*f + y*p = f - 844. Is f composite?
True
Suppose 0 = -0*h - 5*h - 2*v - 146, 5*v - 100 = 3*h. Is (-5)/(h/28686) + 2 a prime number?
True
Let d(i) = -468*i**2 + 3*i - 5. Let x(o) = 234*o**2 - o + 2. Suppose -2*a + 8*a = 54. Let z(q) = a*x(q) + 4*d(q). Is z(1) prime?
False
Let g = -33 - -29. Is (-2634)/g*7/(63/6) prime?
True
Suppose s - 3*w - 561 = 0, 4*s + 7*w = 3*w + 2308. Is s prime?
False
Suppose -3*l - 4*o + 78 = -7*o, -5*l + 90 = 5*o. Suppose 188 + 267 = 7*v. Suppose -w - l = -v. Is w a composite number?
False
Suppose 4*k - 4*f = -2*f + 2050, 4*k = -5*f + 2043. Suppose 516 + k = -2*t. Let u = 1409 + t. Is u a composite number?
True
Suppose -c = 0, -4*u - 17455 = -9*u + 5*c. Is u composite?
False
Let x = 206 + 643. Suppose x = 3*b - 132. Is b a prime number?
False
Let o = 12483 + -6038. Is o a composite number?
True
Suppose -61*u + 5*i = -62*u + 5372, -25 = -5*i. Is u a composite number?
False
Suppose 0 = f, 68 = 5*m - 4*f - 7. Suppose m*g - 10*g - 20 = 0. Suppose 0*s = -g*s + 1484. Is s prime?
False
Let y = -4111 + 8960. Is y prime?
False
Let b be 10/3 - (-2)/(-6). Suppose 2*i - 3*j = i + 121, b*i = -4*j + 415. Suppose -3*u = -4*y + i, -u = -5*y - 2*u + 152. Is y a prime number?
True
Let u be 2/(-2) - (-8 - -7). Suppose u = 8*p - 5*p - 258. Let q = p - 21. Is q a prime number?
False
Let g(t) = 131*t**3 + 10*t**2 - 6*t. Is g(5) a prime number?
False
Suppose -3*f + 5*f + 2*z = 9784, 0 = -f - 4*z + 4901. Is f composite?
False
Let z(j) = -57*j - 13. Let k(d) = 171*d + 40. Let x(m) = 2*k(m) + 7*z(m). Is x(-10) prime?
False
Suppose -w + 2*l + 1826 = 4*l, w - 1816 = 3*l. Suppose -5*a + w = -163. Is a a composite number?
False
Suppose 2*h - 48255 = -3*h. Is h a composite number?
True
Let j = 8 - 4. Suppose -2*i - 3*b + 2 + 6 = 0, -20 = -5*i + j*b. Suppose 0 = -3*u - i*y + 47, 2*u - 16 - 42 = 4*y. Is u a prime number?
False
Suppose -5*w = 3*d - 1292, 4*d + w = 1473 + 261. Let m = d + 329. Is m composite?
True
Suppose -7*r - 2 = -65. Let b be r*((-5)/(-3) + -4). Let w = 68 - b. Is w prime?
True
Is 4103 + -11 + 16 + 3 prime?
True
Let u(z) = -3*z + 3. Let y be u(3). Is 250 - (y/(-2) - 7) composite?
True
Let v(z) = -z**3 - 6*z**2 + 3*z + 6. Let g be v(-6). Let w be (-2)/4 + (-18)/g. Is (-4 - -7)*w - -32 a composite number?
True
Suppose -53709 = -3*l - y, -3*y - 17903 = -l - 6*y. Is l prime?
True
Let y(h) = -h**2 - 6*h + 9. Let t be y(-7). Suppose 0*o - o + t*r = -13, 17 = 4*o - r. Suppose -o*f = -561 - 318. Is f a prime number?
True
Let n = 339 + -986. Let f = 964 + n. Is f composite?
False
Let i = 80628 + -54323. Is i composite?
True
Suppose 534 = 3*y - 0*y. Suppose 149 = 3*v - y. Is v composite?
False
Suppose 7*o + 6262 = 82191. Is o a prime number?
True
Let o = 110 + 5. Suppose i = o + 364. Is i composite?
False
Let a = 659 - -580. Suppose -4*t + 2*o + a = -t, 3*t - 1239 = 3*o. Is t a composite number?
True
Let t = 70 + 2200. Let v = t + -923. Suppose -5*a + 1168 = -v. Is a a prime number?
True
Suppose -v = -4 + 2. Suppose 5*t - 2325 = -2*l, -5*t = -v*t + 2*l - 1391. Is t a composite number?
False
Suppose 5*w - 3*m = w + 35555, -4*m = 20. Is w prime?
False
Suppose -3*w - 12 = 0, -4*n = 2*w - 6*w - 64. Suppose 4*a = 2*a + n. Suppose -a*f + 11565 = 3*f. Is f a prime number?
False
Let q(x) = -145*x**3 - x**2 - 22*x - 39. Is q(-4) prime?
False
Let h(t) = 293*t. Let j be 3/2 - (-17)/(-2). Let m = 8 + j. Is h(m) composite?
False
Let k be (-3)/12*0/6. Suppose 0 = -3*h - 2*d + 20, -3*h + k = 5*d - 32. Suppose -5*a = -h*a - 203. Is a prime?
False
Let h(c) = -5*c**2 + 3*c - 1. Let i be h(2). Let x = -10 - i. Suppose -x*b = w - 630, -4*b + 528 = -2*w - 2*w. Is b prime?
True
Suppose -3*j = 3*f - 12, 0*j + 24 = 2*f - 2*j. Let p = f + -6. Suppose 5*g + 0*g - 657 = -u, p*u + 127 = g. Is g a composite number?
False
Suppose 3*f - 2*h - 20 = 0, 2*f - 5*h = 3*f + 16. Let q be f/(-18) - (-171730)/(-117). Let s = -515 - q. Is s prime?
True
Let p = 21913 - 7220. Is p composite?
True
Let r(w) = 5*w**2 + 47*w + 8. Is r(-37) prime?
False
Suppose -23638 = -5*h + 5727. Is h a prime number?
False
Let w(g) be the first derivative of -g**4/8 + 49*g**3/6 - 11*g**2/2 + 1. Let l(c) be the second derivative of w(c). Is l(0) prime?
False
Suppose 65852 = -33*v + 490529. Is v prime?
False
Let y(j) = 1280*j**2 + 4*j - 2. Let z = 153 - 152. Is y(z) a prime number?
False
Is (-5 - 1) + -3*85512/(-72) composite?
False
Let f = 121 - 36. Let r = 118 - f. Is r composite?
True
Let y(p) = -p - 2. Let k be y(2). Suppose -a = -5*h + 124 - 386, -2*a - 4*h + 594 = 0. Is a + (-5)/(5/k) a prime number?
False
Let a = 795 + -254. Is a prime?
True
Let f(t) = -2*t**2 + 2*t + 6*t**2 + t - 6 - 3*t**2. Let m be 3 + 4/1 + -14. Is f(m) a prime number?
False
Is ((-14)/4)/(34/(-22508)) a prime number?
False
Let q(x) = -x + 2. Let p be q(4). Is (-24690)/(-16) - p/(-16) composite?
False
Let n(v) = -344*v - 526. Is n(-7) composite?
True
Let y = 4744 - 3245. Is y prime?
True
Suppose 15*r - 169851 = -18*r. Is r a prime number?
True
Let r be 48/18 + (-4)/6. Suppose 0 = 3*x + m - 2*m - 1289, r*x - m = 859. Suppose 5*u = x + 345. Is u a prime number?
False
Let o be 3/(-3) + (3 - -4 - 4). Is o/(-1*2) - 7770/(-5) composite?
False
Suppose -7*r = -4*r - 12. Suppose -b + 0*n - r*n + 10 = 0, -2*b + 12 = 4*n. Suppose i = -2*i - 5*c + 276, b*c + 103 = i. Is i prime?
True
Let k be (-2 - 23398)*(-4)/(-10). Is 2/(k/(-4676) - 2) a prime number?
False
Let k(i) be the third derivative of i**4/12 - 4*i**3 - 11*i**2. Let o be k(9). Is (1 - -2)/o*-382 prime?
True
Suppose 5*u = 736 - 236. Suppose 5*d = -5*r + u, 0 = 2*d + d - 15. Let o(i) = 5*i + 20. Is o(r) prime?
False
Let i(s) be the second derivative of 16*s**3/3 - 7*s**2/2 - 14*s. Is i(4) composite?
True
Suppose 56*w = -2*h + 55*w + 3687, -4*h + 2*w = -7370. Is h a composite number?
True
Is ((-28)/(-70))/((-6)/3935)*-51 prime?
False
Let n be 0*3/(-6) - -10. Let l be (96/9)/(n/135). Let m = 257 - l. Is m prime?
True
Let l(s) = -3*s + 40. Is l(-9) a prime number?
True
Let x be 10 + -11 + (3 - 0). Suppose o - x*o = 0. Suppose -90 = -b - 4*q - 16, o = b + q - 62. Is b a composite number?
True
Let x(o) = 2*o**2 + o + 11. Let j = 28 - 33. Let f be x(j). Suppose v = 335 + f. Is v a composite number?
True
Let a(f) = -5*f + 240*f**2 - 89*f**2 + 11*f + 17 - 5*f. Is a(4) a prime number?
True
Let c(t) = 1065*t**2 - 3*t +